211 a multiple of 92?
False
Is 689 a factor of 1967784?
True
Does 71 divide 2978249?
False
Is 147 a factor of 3651362?
False
Is 436243 a multiple of 53?
True
Is 2 a factor of 49975?
False
Is 1510164 a multiple of 177?
True
Is 19 a factor of 24947?
True
Is 2 a factor of 47032?
True
Is 27068892 a multiple of 71?
True
Does 25 divide 89025?
True
Is 14396 a multiple of 48?
False
Does 82 divide 37228?
True
Does 15 divide 194031?
False
Is 2331602 a multiple of 299?
True
Is 318526 a multiple of 317?
False
Is 936 a factor of 1298232?
True
Is 243 a factor of 1340366?
False
Is 34 a factor of 8873?
False
Is 560056 a multiple of 274?
True
Is 65532 a multiple of 184?
False
Is 5 a factor of 1591879?
False
Does 77 divide 38737?
False
Does 650 divide 127400?
True
Is 1480234 a multiple of 322?
True
Is 432 a factor of 2461488?
False
Is 40 a factor of 136160?
True
Is 2076200 a multiple of 280?
True
Is 59 a factor of 110648?
False
Is 485670 a multiple of 511?
False
Is 5841740 a multiple of 202?
False
Is 817495 a multiple of 35?
True
Does 307 divide 119452?
False
Does 3 divide 2910507?
True
Is 39710 a multiple of 3?
False
Does 48 divide 757248?
True
Does 14 divide 2384069?
False
Is 82 a factor of 95038?
True
Is 393 a factor of 97071?
True
Is 12 a factor of 139620?
True
Is 17 a factor of 810475?
True
Does 15 divide 220080?
True
Is 756 a factor of 2914534?
False
Does 230 divide 304547?
False
Does 11 divide 6163?
False
Does 108 divide 43984?
False
Does 19 divide 38722?
True
Does 205 divide 1806255?
True
Is 866 a factor of 166850?
False
Does 15 divide 804520?
False
Is 91140 a multiple of 31?
True
Is 77 a factor of 8752667?
True
Does 412 divide 1022996?
True
Does 73 divide 1368239?
True
Is 15 a factor of 11065755?
True
Is 14 a factor of 471170?
True
Is 13747580 a multiple of 79?
True
Is 73 a factor of 15053914?
True
Is 19248 a multiple of 12?
True
Is 11 a factor of 10476?
False
Is 310 a factor of 818081?
False
Is 211 a factor of 605570?
True
Is 864 a factor of 749088?
True
Does 3 divide 203697?
True
Does 14 divide 61222?
True
Is 58 a factor of 307272?
False
Does 156 divide 2021227?
False
Is 192311 a multiple of 413?
False
Does 7 divide 8611645?
True
Does 169 divide 100710?
False
Does 30 divide 51990?
True
Is 365625 a multiple of 13?
True
Is 30 a factor of 497280?
True
Is 207 a factor of 2894895?
True
Is 7865220 a multiple of 170?
True
Is 949221 a multiple of 741?
True
Does 6 divide 356728?
False
Is 200 a factor of 18474?
False
Is 13801801 a multiple of 804?
False
Does 11 divide 142787?
False
Is 793205 a multiple of 35?
True
Is 3916764 a multiple of 284?
False
Is 13 a factor of 436242?
False
Is 102 a factor of 969918?
True
Does 3 divide 1086?
True
Is 1549436 a multiple of 143?
False
Is 32 a factor of 21536?
True
Is 252 a factor of 951053?
False
Is 16262821 a multiple of 1834?
False
Does 5 divide 12377250?
True
Is 22 a factor of 185570?
True
Is 57 a factor of 346726?
False
Is 58 a factor of 2739285?
False
Does 26 divide 28976?
False
Is 609258 a multiple of 438?
True
Is 9 a factor of 889938?
True
Does 39 divide 1873844?
False
Is 4 a factor of 773?
False
Does 978 divide 835910?
False
Is 7191144 a multiple of 18?
True
Does 5 divide 1733008?
False
Is 38 a factor of 120572?
False
Does 29 divide 220255?
True
Does 50 divide 164750?
True
Is 278920 a multiple of 8?
True
Does 897 divide 11474973?
False
Is 25827 a multiple of 15?
False
Is 71008 a multiple of 112?
True
Is 2663656 a multiple of 86?
False
Does 2 divide 1398548?
True
Is 7 a factor of 76006?
True
Does 115 divide 21201?
False
Does 215 divide 123533?
False
Is 63 a factor of 467838?
True
Is 45435 a multiple of 62?
False
Is 18 a factor of 975906?
True
Is 137709 a multiple of 117?
True
Is 266115 a multiple of 9?
False
Is 14915027 a multiple of 47?
True
Does 115 divide 2385100?
True
Is 69 a factor of 2352281?
False
Is 526 a factor of 986250?
True
Is 17 a factor of 106182?
True
Is 342066 a multiple of 47?
True
Does 6 divide 43242?
True
Is 122 a factor of 5939112?
False
Does 415 divide 4431785?
True
Is 708 a factor of 4478100?
True
Does 4 divide 359294?
False
Is 872352 a multiple of 52?
True
Does 211 divide 5039735?
True
Is 183 a factor of 186852?
False
Does 148 divide 5363193?
False
Does 2 divide 2438384?
True
Does 122 divide 99064?
True
Is 725 a factor of 955550?
True
Does 63 divide 399511?
False
Is 4 a factor of 423433?
False
Is 13 a factor of 975520?
True
Is 49 a factor of 42507?
False
Is 2006 a factor of 11806654?
False
Is 59 a factor of 8077890?
False
Is 4 a factor of 494304?
True
Is 104024 a multiple of 19?
False
Is 2253114 a multiple of 12?
False
Is 8959226 a multiple of 176?
False
Does 33 divide 817311?
True
Is 8 a factor of 7755936?
True
Does 19 divide 2540893?
False
Is 5523108 a multiple of 10?
False
Is 46 a factor of 1841518?
True
Is 448144 a multiple of 16?
True
Does 1479 divide 9590020?
False
Is 88 a factor of 31459?
False
Is 541 a factor of 7437289?
False
Is 209292 a multiple of 326?
True
Is 12029867 a multiple of 21?
False
Is 660265 a multiple of 107?
False
Is 28127 a multiple of 3?
False
Is 6 a factor of 29478?
True
Is 431 a factor of 11842587?
True
Is 25 a factor of 9146369?
False
Is 75 a factor of 549796?
False
Is 240461 a multiple of 6?
False
Is 2610 a multiple of 5?
True
Is 210 a factor of 45756?
False
Does 71 divide 184387?
True
Does 22 divide 230252?
True
Is 195041 a multiple of 187?
True
Does 241 divide 252086?
True
Is 967252 a multiple of 52?
True
Is 31 a factor of 180668?
True
Is 42 a factor of 14984958?
False
Is 51 a factor of 96968?
False
Does 29 divide 799375?
False
Is 53748 a multiple of 36?
True
Is 10651 even?
False
Is 631260 a multiple of 334?
True
Is 175938 a multiple of 426?
True
Does 6 divide 65142?
True
Does 6 divide 8540?
False
Does 52 divide 5696236?
True
Is 465212 a multiple of 22?
True
Is 422 a factor of 1073568?
True
Is 119 a factor of 122795?
False
Is 192500 a multiple of 125?
True
Is 236 a factor of 16972117?
False
Is 25 a factor of 5760748?
False
Does 50 divide 371100?
True
Does 851 divide 5020049?
True
Is 672 a factor of 628320?
True
Is 166446 a multiple of 22?
False
Is 22 a factor of 991584?
True
Is 12 a factor of 6457140?
True
Does 36 divide 2248812?
True
Is 24 a factor of 11725420?
False
Is 3364871 a multiple of 47?
True
Is 133575 a multiple of 411?
True
Is 17 a factor of 19975?
True
Is 38 a factor of 973598?
True
Is 804359 a multiple of 10?
False
Does 27 divide 279001?
False
Is 244148 a multiple of 33?
False
Is 485100 a multiple of 25?
True
Is 3 a factor of 34687?
False
Does 285 divide 217170?
True
Does 1630 divide 6881860?
True
Is 185002 a multiple of 323?
False
Does 28 divide 40014?
False
Is 644 a factor of 1002064?
True
Is 1944743 a multiple of 343?
False
Is 4091068 a multiple of 14?
False
Is 14 a factor of 2442571?
False
Is 913540 a multiple of 448?
False
Is 69799 a multiple of 245?
False
Does 396 divide 33874?
False
Does 7 divide 650874?
True
Does 47 divide 74601?
False
Is 9643352 a multiple of 424?
False
Is 34 a factor of 453900?
True
Is 152447 a multiple of 4?
False
Is 336 a factor of 362517?
False
Is 6 a factor of 346674?
True
Is 122180 a multiple of 5?
True
Is 30 a factor of 360291?
False
Is 13 a factor of 380471?
True
Is 148915 a multiple of 20?
False
Is 443708 a multiple of 86?
False
Is 108693 a multiple of 154?
False
Is 505858 a multiple of 41?
True
Is 138 a factor of 2787738?
True
Is 85 a factor of 463420?
True
Does 8 divide 747400?
True
Does 73 divide 21282?
False
Is 13 a factor of 2098282?
False
Does 20 divide 18800?
True
Is 3940828 a multiple of 6?
False
Is 86 a factor of 44290?
True
Is 6 a factor of 277710?
True
Does 4 divide 7698086?
False
Does 474 divide 10444116?
True
Is 270504 a multiple of 10?
False
Is 619485 a multiple of 41?
False
Is 376284 a multiple of 12?
True
Is 70 a factor of 795200?
True
Is 1059780 a multiple of 10?
True
Does 9 divide 927513?
True
Does 474 divide 3378892?
False
Does 12 divide 92452?
False
Does 26 divide 2220192?
True
Is 132 a factor of 56760?
True
Is 196 a factor of 4028827?
False
Does 64 divide 18711?
False
Is 305855 a multiple of 168?
False
Does 154 divide 2273502?
True
Is 1472398 a multiple of 71?
True
Is 365329 a multiple of 113?
True
Does 8 divide 2780080?
True
Does 19 divide 391764?
False
Does 13 divide 588845?
False
Does 8